ommon factor of 1744 and 150689012?
436
Calculate the greatest common divisor of 2349596 and 212.
212
What is the greatest common divisor of 6360 and 93020406?
318
What is the greatest common factor of 1077 and 4517297?
359
Calculate the greatest common divisor of 745395882 and 22.
22
What is the highest common divisor of 9812 and 23012?
44
Calculate the highest common divisor of 9838926 and 48.
6
What is the highest common factor of 50 and 14509725?
25
What is the highest common divisor of 78047 and 307003?
17
What is the greatest common factor of 284770 and 350?
10
What is the highest common factor of 31977436 and 15320?
1532
Calculate the highest common divisor of 1159427 and 332.
83
What is the highest common factor of 701922646 and 413?
59
Calculate the greatest common divisor of 21291 and 254223.
141
Calculate the greatest common factor of 31168 and 12448.
32
What is the highest common divisor of 4473810 and 720?
90
What is the highest common divisor of 904276 and 617572?
724
What is the greatest common factor of 141 and 231717?
3
Calculate the highest common factor of 4 and 31617.
1
What is the highest common factor of 15 and 755683365?
15
What is the highest common divisor of 62912 and 17152?
64
What is the highest common divisor of 594 and 646596?
54
Calculate the greatest common factor of 122863332 and 276.
276
Calculate the greatest common divisor of 1306 and 167374.
2
What is the greatest common factor of 525 and 505433040?
105
What is the greatest common divisor of 5300742 and 636?
318
What is the highest common factor of 6566 and 193893?
49
Calculate the highest common divisor of 20394 and 627.
33
What is the highest common divisor of 217 and 18645823?
7
Calculate the greatest common divisor of 2692 and 19388.
4
What is the highest common divisor of 208 and 24279879?
13
What is the highest common divisor of 64298 and 10201125?
2473
What is the greatest common divisor of 9875162 and 99?
11
What is the greatest common factor of 5648418 and 38878?
5554
Calculate the highest common factor of 845 and 18395143.
169
Calculate the greatest common factor of 10816800 and 4525.
25
What is the greatest common factor of 2011187 and 9?
1
Calculate the greatest common factor of 62512 and 213776.
16
What is the highest common factor of 1167925 and 4960?
155
What is the highest common factor of 1313694 and 91332?
1062
Calculate the greatest common divisor of 59428 and 166996.
332
What is the highest common factor of 109 and 29184?
1
What is the greatest common divisor of 165 and 13885?
5
Calculate the highest common factor of 16029 and 341541.
1233
Calculate the greatest common divisor of 32057385 and 45.
15
What is the highest common factor of 21 and 47795853?
21
Calculate the highest common factor of 16 and 22279.
1
What is the highest common divisor of 97012091 and 23?
23
Calculate the highest common factor of 11868 and 535737.
129
Calculate the greatest common divisor of 38728057 and 17.
17
Calculate the greatest common factor of 7472 and 73972.
4
What is the greatest common factor of 10074 and 7741869?
5037
Calculate the greatest common factor of 48 and 6755632.
16
Calculate the highest common factor of 1439525 and 4825.
25
What is the highest common factor of 186 and 35551038?
6
What is the highest common factor of 4510 and 20894995?
55
What is the greatest common divisor of 215637020 and 80?
20
What is the greatest common factor of 591 and 26906851?
197
What is the greatest common factor of 325466 and 25816?
922
Calculate the greatest common factor of 23788960 and 4160.
2080
Calculate the greatest common divisor of 277536 and 14196.
84
What is the greatest common factor of 295892440 and 5374?
5374
Calculate the greatest common divisor of 52 and 29137602.
26
Calculate the highest common divisor of 3525 and 3564725.
25
What is the greatest common divisor of 413622647 and 7372?
1843
What is the greatest common factor of 16064 and 18688?
64
What is the highest common factor of 1600 and 1365120?
320
Calculate the greatest common divisor of 2896 and 1008713.
181
Calculate the highest common factor of 1579986 and 104733.
243
What is the highest common factor of 85174902 and 36?
18
What is the greatest common factor of 223450 and 229990?
1090
Calculate the greatest common factor of 3686870 and 40.
10
What is the highest common divisor of 82794 and 498?
6
Calculate the highest common factor of 9855 and 33391305.
135
Calculate the greatest common factor of 105699835 and 15.
5
Calculate the highest common factor of 318531025 and 7275.
2425
Calculate the highest common factor of 196372 and 110.
22
What is the greatest common factor of 35250 and 1662390?
1410
What is the greatest common divisor of 35964088 and 184?
184
What is the highest common divisor of 3175044670 and 3430?
3430
Calculate the greatest common divisor of 25410 and 389550.
210
Calculate the greatest common divisor of 211751 and 274207.
37
Calculate the greatest common factor of 35461379 and 1379.
197
Calculate the highest common divisor of 25985021 and 2378.
41
What is the highest common divisor of 6378 and 38940879?
3189
What is the highest common divisor of 627670 and 12650?
230
Calculate the greatest common divisor of 6554 and 14464.
226
Calculate the greatest common divisor of 5 and 21794.
1
What is the highest common divisor of 160 and 4087430?
10
What is the highest common divisor of 60 and 40498620?
60
What is the highest common factor of 3098 and 912700231?
1549
What is the highest common factor of 319946 and 9658?
22
Calculate the highest common divisor of 5814 and 39062214.
342
What is the highest common divisor of 354 and 2364779?
59
Calculate the highest common divisor of 1033155 and 5211.
27
What is the highest common factor of 16369314 and 1062?
354
Calculate the highest common factor of 3679600 and 17680.
80
What is the highest common divisor of 6419868 and 48958?
182
Calculate the highest common divisor of 460351348 and 460.
92
Calculate the greatest common factor of 14177709 and 28224.
441
What is the greatest common divisor of 430 and 1769400?
10
Calculate the highest common factor of 52 and 10267907.
13
What is the greatest common divisor of 577667520 and 30?
30
What is the greatest common divisor of 21008523 and 492?
123
What is the greatest common factor of 379204 and 63980?
28
What is the highest common divisor of 91048139 and 58?
29
What is the greatest common factor of 1134 and 4178538?
126
Calculate the greatest common divisor of 59 and 16878307.
59
Calculate the greatest common divisor of 23368 and 785368.
1016
What is the highest common factor of 720 and 20535440?
80
Calculate the greatest common divisor of 382 and 256716988.
382
Calculate the greatest common factor of 108594 and 724275.
27
Calculate the highest common divisor of 1330728531 and 1551.
1551
What is the greatest common divisor of 5276 and 29275205?
1319
What is the greatest common divisor of 1095432 and 4407?
39
What is the greatest common divisor of 29037114 and 18?
18
Calculate the greatest common divisor of 6 and 596102.
2
Calculate the highest common divisor of 45504 and 2571292.
316
Calculate the highest common divisor of 26331183 and 46035.
837
What is the greatest common factor of 1170749 and 7693?
157
Calculate the highest common divisor of 8280 and 3602250.
90
What is the greatest common divisor of 194652688 and 67?
67
What is the highest common factor of 35 and 462998515?
35
What is the greatest common divisor of 340930 and 544355?
515
What is the greatest common divisor of 195 and 95127045?
195
Calculate the highest common factor of 4041632 and 875.
7
What is the highest common divisor of 21791 and 53548411?
1981
Calculate the highest common factor of 505 and 994215.
5
Calculate the greatest common divisor of 49910746 and 9398.
254
Calculate the highest common divisor of 10 and 141242.
2
Calculate the highest common divisor of 4257 and 81725112.
387
Calculate the greatest common divisor of 176 and 46038352.
16
What is the highest common factor of 18697869 and 3?
3
Calculate the greatest common divisor of 2045 and 8879799.
409
What is the highest common factor of 11 and 399343571?
11
Calculate the highest common divisor of 2451050 and 290.
10
What is the highest common divisor of 